{"id":1293,"date":"2016-08-03T09:44:22","date_gmt":"2016-08-03T09:44:22","guid":{"rendered":"http:\/\/impreza7.us-themes.com\/?page_id=1293"},"modified":"2020-01-06T14:52:52","modified_gmt":"2020-01-06T13:52:52","slug":"about","status":"publish","type":"page","link":"https:\/\/michael-guiliani.fr\/index.php\/about\/","title":{"rendered":"A propos"},"content":{"rendered":"<section class=\"l-section wpb_row height_medium\"><div class=\"l-section-h i-cf\"><div class=\"g-cols offset_large\"><div class=\"vc_col-sm-6 wpb_column vc_column_container\"><div class=\"vc_column-inner\"><div class=\"w-slider\"><div class=\"us-frame\"><div class=\"royalSlider rsDefault\"><div class=\"rsContent\"><img decoding=\"async\" class=\"rsImg\" data-rsw=\"500\" data-rsh=\"667\" src=\"https:\/\/michael-guiliani.fr\/wp-content\/uploads\/2020\/01\/1-1.jpg\"><\/div><div class=\"rsContent\"><img decoding=\"async\" class=\"rsImg\" data-rsw=\"500\" data-rsh=\"667\" src=\"https:\/\/michael-guiliani.fr\/wp-content\/uploads\/2020\/01\/2-1.jpg\"><\/div><div class=\"rsContent\"><img decoding=\"async\" class=\"rsImg\" data-rsw=\"500\" data-rsh=\"667\" src=\"https:\/\/michael-guiliani.fr\/wp-content\/uploads\/2020\/01\/3.jpg\"><\/div><div class=\"rsContent\"><img decoding=\"async\" class=\"rsImg\" data-rsw=\"500\" data-rsh=\"667\" src=\"https:\/\/michael-guiliani.fr\/wp-content\/uploads\/2020\/01\/4.jpg\"><\/div><div class=\"rsContent\"><img decoding=\"async\" class=\"rsImg\" data-rsw=\"500\" data-rsh=\"667\" src=\"https:\/\/michael-guiliani.fr\/wp-content\/uploads\/2020\/01\/5-1.jpg\"><\/div><\/div><div class=\"w-slider-json\" onclick='return {&quot;transitionSpeed&quot;:300,&quot;loopRewind&quot;:true,&quot;slidesSpacing&quot;:0,&quot;imageScalePadding&quot;:0,&quot;numImagesToPreload&quot;:2,&quot;arrowsNav&quot;:true,&quot;arrowsNavAutoHide&quot;:false,&quot;transitionType&quot;:&quot;move&quot;,&quot;block&quot;:{&quot;moveEffect&quot;:&quot;none&quot;,&quot;speed&quot;:300},&quot;controlNavigation&quot;:&quot;none&quot;,&quot;autoplay&quot;:{&quot;enabled&quot;:true,&quot;pauseOnHover&quot;:true,&quot;delay&quot;:2000},&quot;imageScaleMode&quot;:&quot;fit-if-smaller&quot;,&quot;autoScaleSlider&quot;:true,&quot;autoScaleSliderWidth&quot;:500,&quot;autoScaleSliderHeight&quot;:667,&quot;fitInViewport&quot;:false}'><\/div><\/div><\/div><div class=\"w-socials align_left style_desaturated index_1\" style=\"font-size: 24px;\"><div class=\"w-socials-list\"><div class=\"w-socials-item facebook\">\n\t\t\t\t<a class=\"w-socials-item-link\" target=\"_blank\" href=\"https:\/\/www.facebook.com\/michael.guiliani.9\">\n\t\t\t\t\t<span class=\"w-socials-item-link-hover\"><\/span>\n\t\t\t\t<\/a>\n\t\t\t\t<div class=\"w-socials-item-popup\">\n\t\t\t\t\t<span>Facebook<\/span>\n\t\t\t\t<\/div>\n\t\t\t<\/div><div class=\"w-socials-item instagram\">\n\t\t\t\t<a class=\"w-socials-item-link\" target=\"_blank\" href=\"https:\/\/www.instagram.com\/michael_guiliani\/?hl=fr\">\n\t\t\t\t\t<span class=\"w-socials-item-link-hover\"><\/span>\n\t\t\t\t<\/a>\n\t\t\t\t<div class=\"w-socials-item-popup\">\n\t\t\t\t\t<span>Instagram<\/span>\n\t\t\t\t<\/div>\n\t\t\t<\/div><\/div><\/div><\/div><\/div><div class=\"vc_col-sm-6 wpb_column vc_column_container\"><div class=\"vc_column-inner\"><div class=\"wpb_text_column \"><div class=\"wpb_wrapper\">\n<h1>Guiliani Michael<\/h1>\n<blockquote><p>\u00ab\u00a0Je vis avec tes photos\u00a0Micha\u00ebl\u00bb<\/p><\/blockquote>\n<p>Lui dit une m\u00e8re qui, dans son portefeuille, porte au quotidien des photos de sa fille. Quelle plus belle r\u00e9compense pour ce photographe que la famille avait pourtant destin\u00e9 \u00e0 un tout autre m\u00e9tier\u00a0!<\/p>\n<p>N\u00e9 le 24 avril 1975 \u00e0 Neuilly-sur-Marne (93), Micha\u00ebl GUILIANI suivit des \u00e9tudes de langues en vue de devenir stewart. Des \u00e9tudes qui le pouss\u00e8rent \u00e0 voyager et \u00e0 s\u2019implanter pour une dur\u00e9e d\u00e9termin\u00e9e en Angleterre (une ann\u00e9e) puis en Espagne (six mois). Mais le jeune adulte n\u2019avait de cesse de vouloir revenir \u00e0 sa passion de toujours, la photographie; au point de vouloir en faire sa v\u00e9ritable profession.<\/p>\n<blockquote><p>\u00ab Pendant 20 ans, on m\u2019a dit ce que je devais faire mais je n\u2019\u00e9tais pas heureux. Je voulais vivre de ma passion \u00bb.<\/p><\/blockquote>\n<p>Peu importe les mises en garde de son entourage et si le salaire n\u2019\u00e9tait plus \u00e0 la hauteur de ses esp\u00e9rances, il \u00e9tait pr\u00eat \u00e0 payer le prix de sa libert\u00e9<br \/>\nretrouv\u00e9e.<\/p>\n<p>A l\u2019\u00e2ge de douze ans, sa grand-m\u00e8re lui offre son premier appareil photo. Perspicace, elle avait d\u00e9cel\u00e9 chez le jeune adolescent son go\u00fbt prononc\u00e9 pour la photographie quand d\u2019autres le niaient. La suite, nous la connaissons. Sa grand-m\u00e8re avait vu juste.<\/p>\n<p>En 2009, le d\u00e9clic s\u2019op\u00e9ra. Il se lan\u00e7a dans cette aventure artistique. Car il s\u2019agit bien ici d\u2019art, \u00ab celui qui met en valeur la belle \u00e2me qui a en chaque \u00eatre \u00bb. C\u2019est vrai pour chacun d\u2019entre nous, \u00e7a l\u2019est davantage encore pour les accident\u00e9s de la vie qui \u00ab ont des photos du pass\u00e9 comme dernier souvenir de leur corps\u00a0\u00bb.<\/p>\n<blockquote><p>Pour notre photographe, \u00ab\u00a0le pouvoir de la photo, c\u2019est d\u2019abord le pouvoir de faire rena\u00eetre\u00a0\u00bb.<\/p><\/blockquote>\n<p>Avant de regarder loin, il faut regarder notre int\u00e9rieur. Et c\u2019est bien de cela dont il s\u2019agit ici. Notre int\u00e9rieur est constitu\u00e9 de grandeur et de petitesse et c\u2019est la magie du photographe patent\u00e9 que de les restituer sans les d\u00e9former. Mais c\u2019est aussi les r\u00eaves, les d\u00e9sirs qui animent nos pens\u00e9es et nos corps qui souvent cherchent \u00e0 s\u2019inventer une nouvelle histoire.<br \/>\nAvec Micha\u00ebl GUILIANI, vous \u00e9crirez un d\u00e9but de cette nouvelle histoire, c\u2019est certain.<\/p>\n<p>Ainsi, vous ne choisirez pas par hasard notre photographe. Il \u00ab fonctionne \u00e0 la rencontre, au projet \u00bb pour reprendre ses propres termes. Rien ne sera mis de c\u00f4t\u00e9. On est toujours plus beau quand on reste soi-m\u00eame.<\/p>\n<p>Toutefois, Doisneau ne cachait pas que \u00ab les photographies ne sont jamais des t\u00e9moignages objectifs. Avec le temps, elles se chargent du pouvoir \u00e9vocateur des petites fleurs s\u00e9ch\u00e9es que l\u2019on retrouve entre les pages d\u2019un livre\u00a0\u00bb. Le livre de notre vie, assur\u00e9ment.<br \/>\n<strong>C\u2019est donc ce livre que Micha\u00ebl GUILIANI se proposera d\u2019\u00e9crire avec vous.<\/strong><\/p>\n<p><em>Ecriture : Patrice Prat<\/em><\/div> <\/div> <\/div><\/div><\/div><\/div><\/section>\n","protected":false},"excerpt":{"rendered":"Facebook Instagram Guiliani Michael \u00ab\u00a0Je vis avec tes photos\u00a0Micha\u00ebl\u00bb Lui dit une m\u00e8re qui, dans son portefeuille, porte au quotidien des photos de sa fille. Quelle plus belle r\u00e9compense pour ce photographe que la famille avait pourtant destin\u00e9 \u00e0 un tout autre m\u00e9tier\u00a0! N\u00e9 le 24 avril 1975 \u00e0 Neuilly-sur-Marne (93), Micha\u00ebl GUILIANI suivit des...","protected":false},"author":1,"featured_media":0,"parent":0,"menu_order":0,"comment_status":"closed","ping_status":"closed","template":"","meta":{"footnotes":""},"class_list":["post-1293","page","type-page","status-publish","hentry"],"aioseo_notices":[],"_links":{"self":[{"href":"https:\/\/michael-guiliani.fr\/index.php\/wp-json\/wp\/v2\/pages\/1293","targetHints":{"allow":["GET"]}}],"collection":[{"href":"https:\/\/michael-guiliani.fr\/index.php\/wp-json\/wp\/v2\/pages"}],"about":[{"href":"https:\/\/michael-guiliani.fr\/index.php\/wp-json\/wp\/v2\/types\/page"}],"author":[{"embeddable":true,"href":"https:\/\/michael-guiliani.fr\/index.php\/wp-json\/wp\/v2\/users\/1"}],"replies":[{"embeddable":true,"href":"https:\/\/michael-guiliani.fr\/index.php\/wp-json\/wp\/v2\/comments?post=1293"}],"version-history":[{"count":7,"href":"https:\/\/michael-guiliani.fr\/index.php\/wp-json\/wp\/v2\/pages\/1293\/revisions"}],"predecessor-version":[{"id":2794,"href":"https:\/\/michael-guiliani.fr\/index.php\/wp-json\/wp\/v2\/pages\/1293\/revisions\/2794"}],"wp:attachment":[{"href":"https:\/\/michael-guiliani.fr\/index.php\/wp-json\/wp\/v2\/media?parent=1293"}],"curies":[{"name":"wp","href":"https:\/\/api.w.org\/{rel}","templated":true}]}}